{"id":562,"date":"2011-03-15T15:42:11","date_gmt":"2011-03-15T15:42:11","guid":{"rendered":"https:\/\/www.mondilocali.it\/?page_id=562"},"modified":"2011-03-15T15:42:11","modified_gmt":"2011-03-15T15:42:11","slug":"ecomuseo-adda-di-leonardo","status":"publish","type":"page","link":"https:\/\/www.ecomusei.eu\/mondilocali\/ecomusei\/ecomuseo-adda-di-leonardo\/","title":{"rendered":"Ecomuseo Adda di Leonardo"},"content":{"rendered":"<p><strong>Localit\u00e0<\/strong>:<br \/>\nComuni di CANONICA D\u2019ADDA \u2013 CASSANO D\u2019ADDA \u2013 CORNATE D\u2019ADDA \u2013 FARA GERA D\u2019ADDA \u2013 IMBERSAGO &#8211; PADERNO D\u2019ADDA \u2013 ROBBIATE \u2013 TREZZO SULL\u2019ADDA \u2013 VAPRIO D\u2019ADDA \u2013 VILLA D\u2019ADDA, provincia di Milano<\/p>\n<p><strong>Referente<\/strong>: &#8212;<\/p>\n<p><strong>Presentazione<\/strong>:<\/p>\n<p>La creazione dell\u2019Ecomuseo e l\u2019 istituzione dell\u2019Associazione di cui fanno parte i Comuni del territorio eco museale, rappresenta lo sforzo di rendere \u201cmaterialmente\u201d il binomio fra territorio e cultura, per trasmetterlo, valorizzarlo, fruirlo. Se oggi siamo ai vertici regionali nella rappresentazione culturale di un territorio (che altro \u00e8 senn\u00f2 un ecomuseo?), \u00e8 grazie a questa intuizione e al lavoro finora fatto. Continuare su questa strada \u00e8, nel contempo, un obbligo e un piacere.<\/p>\n<p><strong>Anno di fondazione<\/strong>: 2006<\/p>\n<p><strong>Ente titolare<\/strong>:<br \/>\nAssociazione Ecomuseo Adda di Leonardo<\/p>\n<p><strong>Sede operativa<\/strong>:<br \/>\nVilla Gina &#8211; Via Padre Calvi 3 &#8211; 20056 Trezzo sull&#8217;Adda (MI)<br \/>\ntel. +39 02 9091229<\/p>\n<p><strong><\/strong><a href=\"http:\/\/www.addadileonardo.it\">Sito internet<\/a> &#8211; <a href=\"mailto:info@addadileonardo\">e-mail<\/a><\/p>\n","protected":false},"excerpt":{"rendered":"<p>Localit\u00e0: Comuni di CANONICA D\u2019ADDA \u2013 CASSANO D\u2019ADDA \u2013 CORNATE D\u2019ADDA \u2013 FARA GERA D\u2019ADDA \u2013 IMBERSAGO &#8211; PADERNO D\u2019ADDA \u2013 ROBBIATE \u2013 TREZZO SULL\u2019ADDA \u2013 VAPRIO D\u2019ADDA \u2013 VILLA D\u2019ADDA, provincia di Milano Referente: &#8212; Presentazione: La creazione dell\u2019Ecomuseo e l\u2019 istituzione dell\u2019Associazione di cui fanno parte i Comuni del territorio eco museale, rappresenta&#8230;<\/p>\n","protected":false},"author":2,"featured_media":0,"parent":23,"menu_order":0,"comment_status":"closed","ping_status":"closed","template":"","meta":{"footnotes":""},"class_list":["post-562","page","type-page","status-publish","hentry"],"_links":{"self":[{"href":"https:\/\/www.ecomusei.eu\/mondilocali\/wp-json\/wp\/v2\/pages\/562","targetHints":{"allow":["GET"]}}],"collection":[{"href":"https:\/\/www.ecomusei.eu\/mondilocali\/wp-json\/wp\/v2\/pages"}],"about":[{"href":"https:\/\/www.ecomusei.eu\/mondilocali\/wp-json\/wp\/v2\/types\/page"}],"author":[{"embeddable":true,"href":"https:\/\/www.ecomusei.eu\/mondilocali\/wp-json\/wp\/v2\/users\/2"}],"replies":[{"embeddable":true,"href":"https:\/\/www.ecomusei.eu\/mondilocali\/wp-json\/wp\/v2\/comments?post=562"}],"version-history":[{"count":0,"href":"https:\/\/www.ecomusei.eu\/mondilocali\/wp-json\/wp\/v2\/pages\/562\/revisions"}],"up":[{"embeddable":true,"href":"https:\/\/www.ecomusei.eu\/mondilocali\/wp-json\/wp\/v2\/pages\/23"}],"wp:attachment":[{"href":"https:\/\/www.ecomusei.eu\/mondilocali\/wp-json\/wp\/v2\/media?parent=562"}],"curies":[{"name":"wp","href":"https:\/\/api.w.org\/{rel}","templated":true}]}}

<p><strong>Località</strong>:<br />
Comuni di CANONICA D’ADDA – CASSANO D’ADDA – CORNATE D’ADDA – FARA GERA D’ADDA – IMBERSAGO &#8211; PADERNO D’ADDA – ROBBIATE – TREZZO SULL’ADDA – VAPRIO D’ADDA – VILLA D’ADDA, provincia di Milano</p>
<p><strong>Referente</strong>: &#8212;</p>
<p><strong>Presentazione</strong>:</p>
<p>La creazione dell’Ecomuseo e l’ istituzione dell’Associazione di cui fanno parte i Comuni del territorio eco museale, rappresenta lo sforzo di rendere “materialmente” il binomio fra territorio e cultura, per trasmetterlo, valorizzarlo, fruirlo. Se oggi siamo ai vertici regionali nella rappresentazione culturale di un territorio (che altro è sennò un ecomuseo?), è grazie a questa intuizione e al lavoro finora fatto. Continuare su questa strada è, nel contempo, un obbligo e un piacere.</p>
<p><strong>Anno di fondazione</strong>: 2006</p>
<p><strong>Ente titolare</strong>:<br />
Associazione Ecomuseo Adda di Leonardo</p>
<p><strong>Sede operativa</strong>:<br />
Villa Gina &#8211; Via Padre Calvi 3 &#8211; 20056 Trezzo sull&#8217;Adda (MI)<br />
tel. +39 02 9091229</p>
<p><strong></strong><a href="http://www.addadileonardo.it">Sito internet</a> &#8211; <a href="mailto:info@addadileonardo">e-mail</a></p>

<p>Località: Comuni di CANONICA D’ADDA – CASSANO D’ADDA – CORNATE D’ADDA – FARA GERA D’ADDA – IMBERSAGO &#8211; PADERNO D’ADDA – ROBBIATE – TREZZO SULL’ADDA – VAPRIO D’ADDA – VILLA D’ADDA, provincia di Milano Referente: &#8212; Presentazione: La creazione dell’Ecomuseo e l’ istituzione dell’Associazione di cui fanno parte i Comuni del territorio eco museale, rappresenta&#8230;</p>
