{"id":68,"date":"2010-09-30T10:50:58","date_gmt":"2010-09-30T10:50:58","guid":{"rendered":"https:\/\/www.mondilocali.it"},"modified":"2010-09-30T10:50:58","modified_gmt":"2010-09-30T10:50:58","slug":"ecomuseo-del-vanoi","status":"publish","type":"page","link":"https:\/\/www.ecomusei.eu\/mondilocali\/ecomusei\/ecomuseo-del-vanoi\/","title":{"rendered":"Ecomuseo del Vanoi"},"content":{"rendered":"<p><strong>Localit\u00e0<\/strong>:<br \/>\nComune di Canal San Bovo &#8211; Valle del Vanoi \u2013 Trentino orientale &#8211; Italia<\/p>\n<p><strong>Referente<\/strong>: Silvia Gradin \u2013 Mauro Cecco<\/p>\n<p><strong>Presentazione<\/strong>:<\/p>\n<p><em>L&#8217;Ecomuseo del Vanoi \u00e8: un museo dello spazio; un museo del tempo; un museo della comunit\u00e0; un museo dei saperi.<\/em><\/p>\n<p>L&#8217;Ecomuseo cura l&#8217;individuazione, la conoscenza e la trasmissione del patrimonio diffuso su tutta la Valle del Vanoi attraverso l&#8217;identificazione e l&#8217;approfondimento di 7 temi cardine: <a href=\"http:\/\/www.ecomuseo.vanoi.it\/acqua.html\">acqua<\/a>, <a href=\"http:\/\/www.ecomuseo.vanoi.it\/sacro.html\">sacro<\/a>, <a href=\"http:\/\/www.ecomuseo.vanoi.it\/mobilita.html\">mobilit\u00e0<\/a>, <a href=\"http:\/\/www.ecomuseo.vanoi.it\/erba.html\">erba<\/a>, <a href=\"http:\/\/www.ecomuseo.vanoi.it\/legno.html\">legno<\/a>, <a href=\"http:\/\/www.ecomuseo.vanoi.it\/guerra.html\">guerra<\/a> e <a href=\"http:\/\/www.ecomuseo.vanoi.it\/pietra.html\">pietra<\/a>.<\/p>\n<p>Istituito nel 1999, l&#8217;Ecomuseo propone annualmente un calendario d&#8217;appuntamenti e si \u00e8 dotato di un progetto pluriennale d&#8217;attivit\u00e0. Nel 2002 \u00e8 stato ufficialmente riconosciuto dalla Provincia Autonoma di Trento.<\/p>\n<p><strong>Anno di fondazione<\/strong>: 1999<\/p>\n<p><strong>Ente titolare<\/strong>:<br \/>\nComune di Canal San Bovo &#8211; Via Roma CAP 38050<\/p>\n<p><strong>Sede operativa<\/strong>:<br \/>\nCasa dell&#8217;Ecomuseo, piazza V. Emanuele n.9, 38050 Canal San Bovo Tel. 0439\/719106<\/p>\n<p><a href=\"http:\/\/www.ecomuseo.vanoi.it\/\">Sito internet<\/a> &#8211; <a href=\"mailto:ecomuseo@vanoi\">e-mail<\/a><\/p>\n","protected":false},"excerpt":{"rendered":"<p>Localit\u00e0: Comune di Canal San Bovo &#8211; Valle del Vanoi \u2013 Trentino orientale &#8211; Italia Referente: Silvia Gradin \u2013 Mauro Cecco Presentazione: L&#8217;Ecomuseo del Vanoi \u00e8: un museo dello spazio; un museo del tempo; un museo della comunit\u00e0; un museo dei saperi. L&#8217;Ecomuseo cura l&#8217;individuazione, la conoscenza e la trasmissione del patrimonio diffuso su tutta&#8230;<\/p>\n","protected":false},"author":2,"featured_media":0,"parent":23,"menu_order":0,"comment_status":"closed","ping_status":"open","template":"","meta":{"footnotes":""},"class_list":["post-68","page","type-page","status-publish","hentry"],"_links":{"self":[{"href":"https:\/\/www.ecomusei.eu\/mondilocali\/wp-json\/wp\/v2\/pages\/68","targetHints":{"allow":["GET"]}}],"collection":[{"href":"https:\/\/www.ecomusei.eu\/mondilocali\/wp-json\/wp\/v2\/pages"}],"about":[{"href":"https:\/\/www.ecomusei.eu\/mondilocali\/wp-json\/wp\/v2\/types\/page"}],"author":[{"embeddable":true,"href":"https:\/\/www.ecomusei.eu\/mondilocali\/wp-json\/wp\/v2\/users\/2"}],"replies":[{"embeddable":true,"href":"https:\/\/www.ecomusei.eu\/mondilocali\/wp-json\/wp\/v2\/comments?post=68"}],"version-history":[{"count":0,"href":"https:\/\/www.ecomusei.eu\/mondilocali\/wp-json\/wp\/v2\/pages\/68\/revisions"}],"up":[{"embeddable":true,"href":"https:\/\/www.ecomusei.eu\/mondilocali\/wp-json\/wp\/v2\/pages\/23"}],"wp:attachment":[{"href":"https:\/\/www.ecomusei.eu\/mondilocali\/wp-json\/wp\/v2\/media?parent=68"}],"curies":[{"name":"wp","href":"https:\/\/api.w.org\/{rel}","templated":true}]}}

<p><strong>Località</strong>:<br />
Comune di Canal San Bovo &#8211; Valle del Vanoi – Trentino orientale &#8211; Italia</p>
<p><strong>Referente</strong>: Silvia Gradin – Mauro Cecco</p>
<p><strong>Presentazione</strong>:</p>
<p><em>L&#8217;Ecomuseo del Vanoi è: un museo dello spazio; un museo del tempo; un museo della comunità; un museo dei saperi.</em></p>
<p>L&#8217;Ecomuseo cura l&#8217;individuazione, la conoscenza e la trasmissione del patrimonio diffuso su tutta la Valle del Vanoi attraverso l&#8217;identificazione e l&#8217;approfondimento di 7 temi cardine: <a href="http://www.ecomuseo.vanoi.it/acqua.html">acqua</a>, <a href="http://www.ecomuseo.vanoi.it/sacro.html">sacro</a>, <a href="http://www.ecomuseo.vanoi.it/mobilita.html">mobilità</a>, <a href="http://www.ecomuseo.vanoi.it/erba.html">erba</a>, <a href="http://www.ecomuseo.vanoi.it/legno.html">legno</a>, <a href="http://www.ecomuseo.vanoi.it/guerra.html">guerra</a> e <a href="http://www.ecomuseo.vanoi.it/pietra.html">pietra</a>.</p>
<p>Istituito nel 1999, l&#8217;Ecomuseo propone annualmente un calendario d&#8217;appuntamenti e si è dotato di un progetto pluriennale d&#8217;attività. Nel 2002 è stato ufficialmente riconosciuto dalla Provincia Autonoma di Trento.</p>
<p><strong>Anno di fondazione</strong>: 1999</p>
<p><strong>Ente titolare</strong>:<br />
Comune di Canal San Bovo &#8211; Via Roma CAP 38050</p>
<p><strong>Sede operativa</strong>:<br />
Casa dell&#8217;Ecomuseo, piazza V. Emanuele n.9, 38050 Canal San Bovo Tel. 0439/719106</p>
<p><a href="http://www.ecomuseo.vanoi.it/">Sito internet</a> &#8211; <a href="mailto:ecomuseo@vanoi">e-mail</a></p>

<p>Località: Comune di Canal San Bovo &#8211; Valle del Vanoi – Trentino orientale &#8211; Italia Referente: Silvia Gradin – Mauro Cecco Presentazione: L&#8217;Ecomuseo del Vanoi è: un museo dello spazio; un museo del tempo; un museo della comunità; un museo dei saperi. L&#8217;Ecomuseo cura l&#8217;individuazione, la conoscenza e la trasmissione del patrimonio diffuso su tutta&#8230;</p>
